2. What is the units digit of u?
7
Suppose -6*h + 201 = 27. Let w = 90 + h. What is the tens digit of w?
1
Let p = 1343 - 513. Suppose 3*h - 4*h + p = 0. What is the units digit of h?
0
Let o = 15027 - 3428. What is the units digit of o?
9
Let b(i) = 234*i**2 + 26*i + 118. What is the units digit of b(-6)?
6
Suppose 4*f = 5*m - 97, -4*f + 9*f - 10 = 0. What is the units digit of m/(-294) - 21170/(-28)?
6
Suppose 49 = 4*u + 3*n, 3*n - 63 = -3*u + 6*n. Suppose 3*x - 5*c = 782, -x - u*c = -21*c - 254. What is the hundreds digit of x?
2
Let j(f) = f**3 - 25*f**2 - 21*f - 37. Let a be j(21). What is the hundreds digit of 4/22 - a/11?
2
Suppose -21*x - 39546 + 199251 = 0. Suppose -x = -36*r + 19287. What is the tens digit of r?
4
Let z(b) be the third derivative of -b**4/24 + 19*b**3/6 - 5*b**2. Suppose 0*y + y = 3*d + 34, -5*y = -20. What is the units digit of z(d)?
9
Suppose -909092 - 429554 = -20*c - 26*c. What is the ten thousands digit of c?
2
Let p(t) be the first derivative of -t**3/3 - t**2 + 379*t - 94. What is the tens digit of p(0)?
7
Let a(p) = p**3 + 9*p**2 + 6*p - 191. What is the tens digit of a(12)?
0
Let q(c) = 185*c**2 + 3*c - 6. Let z be q(3). Suppose -4*g + z + 3320 = -4*j, 6235 = 5*g - 4*j. What is the thousands digit of g?
1
Let f(c) = 27542*c**3 - 6*c**2 - 2*c - 2. What is the units digit of f(1)?
2
Let v = 68544 - -6873. What is the ten thousands digit of v?
7
Let y(w) = 5*w**2 - 308*w - 1566. What is the ten thousands digit of y(-88)?
6
Let s(h) = h - 1. Let r(w) = -1. Let v(a) = 5*r(a) - s(a). Let x be v(-4). Suppose 5*d - 13*d + 208 = x. What is the units digit of d?
6
Let r = 247 - 247. Suppose -g - d + 72 + 634 = r, 0 = g - 4*d - 701. What is the hundreds digit of g?
7
Suppose 36*n = -2*n + 240122. What is the hundreds digit of n?
3
Suppose -9*w + 10*w + 4*j = -1110, 0 = w + 3*j + 1109. Let p = -739 - w. Suppose 2*x - 6*x - 5*q + p = 0, q + 299 = 3*x. What is the tens digit of x?
9
Suppose -541596 = -37*w + w - 66540. What is the hundreds digit of w?
1
Let k(m) = 2713*m + 17. What is the tens digit of k(1)?
3
Let o(r) = r - 1. Let f(n) = 19*n - 12. Let h(v) = -f(v) + 4*o(v). What is the units digit of h(-9)?
3
Suppose 154 = 2*k - 4534. Suppose 0 = 11*h - k - 3695. What is the units digit of h?
9
Let g(d) = -9*d**3 - 403*d**2 + 52*d - 96. What is the thousands digit of g(-46)?
0
Suppose 6593 = i - 3*g, 2*i + 2*g + 4203 = 17397. What is the hundreds digit of i?
5
Let x(y) = 8*y**2 - 10*y - 6*y + 24*y**2 + 10*y**2 - 13*y**2 - 52. What is the units digit of x(-4)?
6
Let k(r) = 2*r**2 + 12*r + 10. Let y be k(-5). Suppose y = -5*n + 86 - 26. What is the units digit of 2043/n + -2*1/8?
0
Let w(x) = x**3 + 3*x**2 - 5*x - 4. Let u be w(-4). Suppose d - 329 - 1497 = u. What is the tens digit of d?
2
Let j be 3 + -4 - 7 - -26. Suppose -j*q = -4*q - 14308. What is the hundreds digit of q?
0
Suppose 2*z + 83*w - 78*w = 14080, z - 4*w = 7040. What is the hundreds digit of z?
0
Let h be 3/2 - (-72)/(-48). Suppose 16*z + 6*z - 17974 = h. What is the tens digit of z?
1
Suppose -5*b = 3*o - 59, -7*o = -2*o - b - 89. Suppose 9*d - o = 3*d. Suppose k + 4*q = 26, 0 = d*k - 0*q - 4*q - 62. What is the tens digit of k?
2
Let u(o) = -1319*o - 2285. What is the tens digit of u(-10)?
0
Let q(p) = p**2 + p - 7. Let m(d) = d**2 + 5*d - 17. Let x be m(-7). Let z be q(x). Let n = z + 30. What is the units digit of n?
9
Let f = 28 - 25. Let k(c) = 2*c**2 + 19*c + 9. Let s be k(-14). What is the units digit of s/(3 + (-6)/f)?
5
Let a = 1701 + 3334. What is the hundreds digit of a?
0
Let k = -232 - -237. Suppose k*j - 8*l + 5*l = 4716, 3*j - 3*l - 2832 = 0. What is the tens digit of j?
4
Let p be ((-1815)/10)/(-11)*4/(-1). Let h = 329 - p. What is the tens digit of h?
9
Let y(b) = 7*b**2 - 838*b - 275. What is the units digit of y(136)?
9
Let z(v) = v**2 + 5*v + 9. Let r(g) = -10*g - 43. Let f be r(-4). Let p be z(f). Suppose 0 = -s - c + 264, 0*c + p*c = 3*s - 798. What is the tens digit of s?
6
Suppose 692916 = 19*o + 109825. What is the units digit of o?
9
Suppose -27 + 42 = 3*x. Suppose -13*h + 44 = x. Suppose h*s - 3*k = 184 - 43, s = 5*k + 35. What is the units digit of s?
0
Suppose 2*a - 15 = y, -4*a + 3*a = -5*y - 66. Let l(r) = 0*r**2 + 2*r**2 - r**2 - 102 + 93. What is the hundreds digit of l(y)?
1
Let x = -78 + 83. Let s(p) = -17 + 49 + x*p + 13. What is the tens digit of s(16)?
2
What is the ten thousands digit of (-105 - -83)*(-3170)/4?
1
Suppose 5*y - 12*g = -8*g + 21263, 0 = 2*y + 4*g - 8522. What is the hundreds digit of y?
2
Suppose -30*r = -29*r + 339. Let g = r - -617. What is the units digit of g?
8
Let f = 172 + -168. Suppose f*m = 3*a + 285, 130 + 175 = 4*m + a. What is the tens digit of m?
7
Let m(j) = 2*j**2 - 4*j - 8. Let y be m(-6). Suppose b + 5 = 0, -4*s + 14*b - 4 = 18*b. What is the tens digit of ((-30)/(-12))/(s/y)?
5
Suppose 32551 = b + 2*v, 141*b = 140*b - 5*v + 32563. What is the units digit of b?
3
Let z(c) = -192*c + 57. Let h(x) = -x - 3. Let j(i) = 5*h(i) - z(i). What is the thousands digit of j(6)?
1
Let w(l) = -104*l**3 - 8*l**2 - 18*l - 5. What is the hundreds digit of w(-3)?
7
Suppose j - 2684 = y + 2383, -25356 = -5*j - 2*y. What is the thousands digit of j?
5
Suppose -20*j = -165 - 15. Let p(c) = 9*c + 89. What is the tens digit of p(j)?
7
Let y(u) = -2*u**3 - 39*u**2 + 21*u + 26. Let f be y(-20). What is the tens digit of 0 - (f + -336 + -1)?
3
Suppose -126*d + 116*d + 488560 = 0. What is the hundreds digit of d?
8
Let c = 125 + -238. Let k = c - -565. What is the hundreds digit of k?
4
Let b = 222 - -279. Let n = -234 + 587. Let v = b - n. What is the units digit of v?
8
Suppose -5*r = 4*u - 10617 - 3955, -r + 10918 = 3*u. What is the thousands digit of u?
3
Let c be (-14)/(-3) + (-9)/(-27). Suppose a + 1202 = 3*v, -11*a = -c*v - 8*a + 1998. What is the hundreds digit of v?
4
Let g be -94 + 6/4*(-26)/(-39). Let d = 95 + g. Suppose -6 + 41 = d*s - 3*o, 2*s = o + 33. What is the units digit of s?
6
Suppose 2*d - 11 = 7. Let y be ((-198)/7)/(((-27)/42)/d). Suppose 5*q = -q + y. What is the tens digit of q?
6
Let h(a) = -32*a**3 - 4*a**2 + 7*a + 13. Let d(i) = -95*i**3 - 13*i**2 + 22*i + 40. Let y(q) = -2*d(q) + 7*h(q). What is the units digit of y(-2)?
5
Suppose 171*n - 284665 = 358596 - 119488. What is the tens digit of n?
6
Suppose 4*p + b - 1690 = 0, 1 = -4*b - 7. Suppose 4*o - 3*n - p = 0, 4*n + 69 = 5*o - 459. Let k = -76 + o. What is the tens digit of k?
3
Let q(l) = -l**3 - l**2 - 2*l + 93. Let a = 23 + -20. Suppose 2*v + a*v = 6*v. What is the tens digit of q(v)?
9
Suppose -17*h = -16*h + 14. Let x be (-48)/h*(-784)/(-32). Let g = x + -31. What is the units digit of g?
3
Let p = 308 + -740. What is the tens digit of ((-32)/6)/(16/p)?
4
Let s be (-18)/(-15)*(-3 + (-1)/(-2)). Let a(k) = -22*k**3 - 6*k**2 - 11*k - 12. What is the units digit of a(s)?
1
Let a be -2*(4 + (-21)/7). What is the tens digit of ((-18)/5)/((-15)/1800) + a?
3
Let q = -284 - -286. Suppose -942 = -3*l - q*d, 3*l = -l - 4*d + 1260. What is the hundreds digit of l?
3
Suppose 4*z - 10 = -z. Suppose 198 - 32 = -5*c - g, -z*c - 67 = g. Let y = c - -38. What is the units digit of y?
5
What is the units digit of 575/((-230)/(-10)) - -76298?
3
Let j(t) = -1323*t + 47190. What is the ten thousands digit of j(0)?
4
Suppose 5*k - 8110 = k + f, 4*k = -f + 8106. Let a = -1381 + k. What is the tens digit of a?
4
Let o = 5868 + 3135. What is the units digit of o?
3
Let a(b) = 353*b + 1077. What is the tens digit of a(33)?
2
Suppose 0 = -15*n + 352339 - 16354. What is the units digit of n?
9
Let x(k) be the second derivative of k**4/12 + k**3/2 - 5*k**2 - 7*k. Let q be x(-8). Let i = q + -16. What is the units digit of i?
4
Let s = 39453 + -11990. What is the thousands digit of s?
7
Suppose 2*c = 2*t + 3*t + 60, -c = 3*t + 47. Let a be (60/2)/(t/(-77)). Suppose -344 = -2*r - 5*f, -f = r - 2*r + a. What is the units digit of r?
7
Let z(o) = -o**3 - 10*o**2 + 17*o + 8. Suppose 0*h + 44 = -2*k - 5*h, h = 3*k + 32. What is the tens digit of z(k)?
9
Let h be (-10)/6*105/(-35). Suppose 27*f + 2*z - 1240 = 23*f, h*f - 1553 = -z. What is the hundreds digit of f?
3
What is the hundreds digit of (221/(-39) + (-1)/(-1))/((-4)/210)?
2
Let u(m) = 2*m**3 - 6